2 - 6*l - 14. Determine p(-6).
58
Let g(v) = 2*v**3 + 15*v**2 + 18*v + 75. Give g(-7).
-2
Let y(m) = m**3 - 9*m**2 - 11*m - 2. Determine y(10).
-12
Let r(g) = -g**2 + 16*g - 9. Determine r(16).
-9
Let q(f) = -7*f - 25. Determine q(-3).
-4
Let u(r) = r**2 + 4*r + 21. Give u(-4).
21
Let p(z) = -6*z + 36. Determine p(7).
-6
Let j(v) = 7*v**2 + 105*v - 9. What is j(-15)?
-9
Let n(o) = -3*o. Calculate n(-2).
6
Let n(p) = -3*p**2 + p - 6. Calculate n(3).
-30
Let y(i) = -2*i**2 + 16*i + 12. What is y(9)?
-6
Let s(a) = -a**2 + 8*a + 22. Calculate s(9).
13
Let d(v) = 54*v - 637. What is d(12)?
11
Let y(g) = -6*g**2 - 3*g + 39. What is y(-3)?
-6
Let d(k) = -2*k + 6. Give d(5).
-4
Let g(f) = f**2 + f + 9. Calculate g(0).
9
Let q(m) = -m**2 - 8*m - 7. Determine q(-6).
5
Let u(y) = y**2 - 9*y + 1. Give u(9).
1
Let y(x) = x**3 + 3*x**2 - 21*x - 6. Give y(0).
-6
Let h(l) = -5*l + 107. Determine h(20).
7
Let i(s) = -s**3 - 3*s**2 - 3*s - 2. Calculate i(-2).
0
Let h(w) = 5*w - 9. Determine h(9).
36
Let k(l) = 17*l - 54. What is k(3)?
-3
Let b(g) = g - 27. Calculate b(8).
-19
Let t(v) = v**3 + 5*v**2 + 3*v + 5. Determine t(-4).
9
Let k(d) = -d**3 - 7*d**2 - 5*d - 6. Calculate k(-4).
-34
Let k(q) = -q**3 + 12*q**2 - 11*q + 2. Calculate k(11).
2
Let f(a) = -a**2 + 6*a + 29. Calculate f(9).
2
Let n(a) = a**2 + 6*a + 3. Calculate n(-3).
-6
Let l(t) = -7*t**2 + 40*t - 4. What is l(5)?
21
Let g(k) = 5*k - 235. Determine g(47).
0
Let x(b) = -b**3 - 5*b**2 + b - 3. Determine x(-5).
-8
Let f(i) = i**3 + i**2 - i - 1. Calculate f(-3).
-16
Let z(i) = i**2 + 60*i + 6. Calculate z(0).
6
Let i(j) = 2*j**2 - 51*j - 12. Give i(25).
-37
Let m(p) = -5*p - 83. Determine m(-17).
2
Let j(n) = -n**2 - 15*n + 44. Determine j(-18).
-10
Let j(i) = i**3 + 7*i**2 - 8*i - 2. Calculate j(-7).
54
Let q(s) = -s**3 - 3*s**2 - s + 2. What is q(-2)?
0
Let r(x) = -4*x - 18. Give r(-11).
26
Let n(j) = -21*j - 290. What is n(-14)?
4
Let m(k) = k + 17. Give m(-4).
13
Let o(j) = -23*j**2 - 322*j - 4. Give o(-14).
-4
Let p(a) = a**3 - 10*a**2 + 5*a + 10. What is p(10)?
60
Let p(v) = v - 36. Calculate p(0).
-36
Let r(s) = 58*s + 33. Calculate r(3).
207
Let b(z) = -19*z + 78. Determine b(5).
-17
Let q(f) = 3*f**2 + 12*f + 15. Calculate q(-7).
78
Let u(m) = -4*m**2 + 64*m - 18. What is u(16)?
-18
Let q(l) = -l**3 - 2*l**2 + 42*l + 51. Calculate q(-7).
2
Let w(s) = -5*s + 25. Determine w(6).
-5
Let f(j) = j**2 + 3*j + 217. Calculate f(0).
217
Let j(x) = -5*x**2 - 7*x - 16. Determine j(-3).
-40
Let a(b) = -12*b + 70. Determine a(7).
-14
Let h(f) = f**3 - 11*f**2 + 23*f + 6. What is h(4)?
-14
Let b(t) = -10*t + 50. Calculate b(7).
-20
Let w(n) = n**3 - 6*n**2 + 4*n - 12. Determine w(5).
-17
Let o(g) = -g**3 - 8*g**2 - 13*g + 13. Give o(-4).
1
Let f(i) = 2*i + 4. Give f(-6).
-8
Let y(o) = o**2 - 5*o - 6. Determine y(-5).
44
Let t(d) = 3*d + 13. What is t(-10)?
-17
Let f(o) = -7*o + 12. Calculate f(8).
-44
Let p(s) = 13*s + 15. Determine p(5).
80
Let b(k) = -2*k**2 + 11*k + 6. Calculate b(6).
0
Let j(m) = -m**2 + 7*m - 14. Determine j(5).
-4
Let k(b) = -8*b**3 + 1. Give k(1).
-7
Let m(w) = w**3 + 18*w**2 - 63*w + 1. What is m(-21)?
1
Let y(b) = 3*b**3 + 6*b**2 + 4*b - 1. Give y(-2).
-9
Let r(n) = -n**3 + 8*n**2 - n - 1. What is r(8)?
-9
Let r(t) = -17*t - 290. Give r(-17).
-1
Let t(a) = a**3 + 13*a**2 - 2*a + 6. Calculate t(-13).
32
Let l(s) = -69*s**3 - 4*s**2 + 5*s. What is l(1)?
-68
Let a(t) = t**2 - 3*t - 1. Determine a(6).
17
Let w(m) = 3*m**3 + 2*m**2 - m. What is w(1)?
4
Let g(f) = 7*f - 11. Determine g(3).
10
Let p(m) = -m - 18. Determine p(-10).
-8
Let o(p) = p**2 - 5. Give o(-5).
20
Let h(t) = 7*t + 8. What is h(14)?
106
Let h(f) = -3*f**3 + f**2 - 5*f - 4. Determine h(-3).
101
Let x(d) = d**2 - 3*d - 52. Calculate x(-7).
18
Let c(j) = j**3 + 6*j**2 - 11*j + 8. Give c(-7).
36
Let z(m) = -2*m**3 - 12*m**2 - 7*m - 5. Give z(-5).
-20
Let s(l) = l**3 - 17*l**2 + 14*l - 13. Give s(16).
-45
Let t(b) = -2*b**3 + 22*b**2 - 2*b + 13. Determine t(11).
-9
Let o(h) = h**2 + 25*h + 9. What is o(-25)?
9
Let r(b) = b**2 - 37*b + 202. What is r(7)?
-8
Let j(b) = -b**2 - 11*b + 4. Give j(-12).
-8
Let w(b) = -2*b + 19. Determine w(-13).
45
Let t(r) = -6*r + 5. Calculate t(-8).
53
Let x(s) = s**2 - 4*s - 1. What is x(3)?
-4
Let p(l) = -l + 7. What is p(7)?
0
Let q(r) = -2*r**3 - 6*r**2 - 3*r - 5. Calculate q(-4).
39
Let s(p) = -p - 15. Determine s(-19).
4
Let q(p) = -p**3 + 4*p**2 - p - 1. Calculate q(1).
1
Let r(a) = a - 16. Determine r(19).
3
Let v(g) = g - 5. Give v(-4).
-9
Let u(h) = h**2 + 10*h - 37. Determine u(5).
38
Let r(t) = -t**3 + 9*t**2 + 5. Determine r(9).
5
Let m(i) = i**2 - 12*i + 3. Calculate m(8).
-29
Let x(j) = 4*j - 8. Calculate x(3).
4
Let u(d) = d**2 + 4*d - 11. Give u(-5).
-6
Let f(x) = 26*x**2 - 1. Determine f(-1).
25
Let b(t) = -t**2 + 18*t + 157. Determine b(-6).
13
Let s(w) = 2*w**3 + 14*w**2 + 9*w - 14. What is s(-6)?
4
Let u(w) = -13*w**2 + 4*w + 2. Calculate u(-1).
-15
Let m(c) = -c**3 - 24*c**2 + 21*c + 11. What is m(-25)?
111
Let q(j) = -3*j + 8. Give q(4).
-4
Let p(c) = 42*c**2. Give p(-1).
42
Let b(h) = 5*h + 7. Determine b(6).
37
Let w(f) = -f + 44. What is w(25)?
19
Let p(o) = -o**2 + 21*o - 112. Calculate p(11).
-2
Let h(g) = -g**2 + 27*g + 153. Calculate h(32).
-7
Let o(h) = h**2 - 37*h + 294. What is o(25)?
-6
Let q(v) = v**3 - 21*v**2 - 47*v + 30. Determine q(23).
7
Let f(t) = t**2 - 14*t - 9. What is f(15)?
6
Let m(s) = s**3 + 9*s**2 - 2*s - 77. What is m(-7)?
35
Let t(s) = -2*s + 7. Calculate t(9).
-11
Let y(q) = -q + 7. What is y(6)?
1
Let h(k) = k**3 + 9*k**2 + 12*k - 12. Give h(-6).
24
Let j(n) = n**2 - 25*n + 118. Determine j(6).
4
Let j(n) = -n**3 - 7*n**2 - n + 3. Determine j(-7).
10
Let g(d) = 5*d - 142. Give g(27).
-7
Let b(r) = r + 2. Give b(-6).
-4
Let u(q) = -q**3 + 6*q**2 + 5*q + 2. Give u(6).
32
Let h(a) = -18*a + 35. What is h(1)?
17
Let b(u) = 14*u + 289. Calculate b(-21).
-5
Let q(t) = 2*t**2 - 4*t - 4. Calculate q(5).
26
Let p(b) = -b**3 - 10*b**2 - 9*b - 1. Determine p(-9).
-1
Let g(j) = 2*j - 8. Calculate g(3).
-2
Let c(p) = -2*p - 11. Give c(-7).
3
Let u(j) = j**2 + j + 34. Give u(0).
34
Let x(z) = -z**3 + 6*z**2 - 5*z + 4. Give x(5).
4
Let o(x) = -x**2 - 4*x - 4. What is o(-4)?
-4
Let t(d) = d**3 - 5*d**2 + 3. Calculate t(5).
3
Let z(v) = v**3 + 2*v**2 - v + 1. Determine z(-4).
-27
Let n(s) = -6*s + 106. Determine n(10).
46
Let z(d) = d**2 + 13*d - 14. Give z(-14).
0
Let s(k) = k**3 + 13*k**2 - 14*k + 18. Give s(-14).
18
Let j(f) = 2*f**3 + 32*f**2 + 3*f + 42. What is j(-16)?
-6
Let h(q) = -q**3 + 4*q + 5. Give h(-2).
5
Let b(r) = -r**3 + 7*r**2 - r - 22. Determine b(6).
8
Let q(z) = -3*z - 82. Calculate q(-25).
-7
Let z(w) = -w**2 + 3*w + 30. Determine z(8).
-10
Let n(o) = 19*o - 109. Calculate n(6).
5
Let l(k) = 2*k**2 + 2*k - 10. Calculate l(4).
30
Let d(o) = 3*o**3 - o**2 + 1. Determine d(-1).
-3
Let m(p) = -8*p**2 - 3*p - 4. Calculate m(-3).
-67
Let u(m) = -9*m - 9. What is u(-2)?
9
Let g(b) = b**2 - 1. Calculate g(5).
24
Let i(m) = 3*m**2 + 7*m + 5. Calculate i(-2).
3
Let k(l) = 12*l**2 - 21*l + 19. What is k(1)?
10
Let w(j) = j**3 - 17*j**2 - 7*j + 52. Calculate w(17).
-67
Let d(s) = -4*s - 13. Calculate d(9).
-49
Let c(s) = s**3 + 12*s**2 + 20*s - 5. Calculate c(-3).
16
Let s(i) = -10*i**2 + i. Determine s(1).
-9
Let h(c) = 3*c**2 + 10*c + 2. Determine h(-3).
-1
Let t(y) = -y**3 + 7*y**2 - 7*y + 10. What is t(7)?
-39
Let p(w) = -w**3 + 14*w**2 + 10*w + 62. Determine p(15).
-13
Let t(f) = -f - 1. Calculate t(-6).
5
Let i(p) = -p**3 + 7*p**2 - 2*p + 14. Calculate i(7).
0
Let h(y) = y**2 + 5*y + 8. What is h(-2)?
2
Let o(s) = s**2 - 18*s + 24. What is o(16)?
-8
Let k(a) = -19*a**3 - 2*a**2 - a. Give k(-1).
18
Let f(h) = -h**3 + 16*h**2 + 35*h + 18. Give f(18).
0
Let v(p) = -5*p**2 - 4*p - 1. What is v(-3)?
-34
Let s(x) = x**3 - 45*x**2 + x - 45. Determine s(45).
0
Let a(f) = 2*f**2 + 12*f + 2. Calculate a(-5).
-8
Let c(q) = q**3 + 16*q**2 + 51*q. Determine c(-12).
-36
Let i(c) = 8*c**2 - 3*c - 4. Give i(-2).
34
Let r(w) = -26*w + 1. What is r(-2)?
53
Let y(u) = 3*u**2 - 31*u + 4. Calculate y(10).
-6
Let t(s) = -s**3 - 2*s**2 - 11*s - 22. Give t(-4).
54
Let u(d) = 5*d + 12. What is u(-3)?
-3
Let b(w) = -w**2 + 9*w + 9. What is b(7)?
23
Let w(t) =